 of u.
317
Suppose 0*s = -4*s + 156. Let j(y) = 93*y - 166. Let v be j(2). Let m = s - v. List the prime factors of m.
19
Suppose f + 0*f + 4*d - 3524 = 0, 2*f = -3*d + 7038. Suppose 0 = -21*y + 6564 + f. List the prime factors of y.
2, 3, 5
Let a = 71061 + 5344. What are the prime factors of a?
5, 7, 37, 59
Let g be 592/(-9) - 18/81. Let m = 92 + -171. Let h = g - m. What are the prime factors of h?
13
Suppose 2*r = 3*n + 7621, 6015 = r + n + 2202. What are the prime factors of r?
2, 953
Suppose 184*w + 287*w - 15266340 = -39*w. What are the prime factors of w?
2, 3, 1663
Let t = -814 + 734. List the prime factors of -17*t/(-28)*21/(-6).
2, 5, 17
Let w(c) = 47*c - 2. Let g(i) = -46*i + 3. Let k(z) = -6*g(z) - 5*w(z). Let x = 13011 - 13008. What are the prime factors of k(x)?
5, 23
Suppose -5*n = -4*n - 1, 2*f = -3*n + 15. Suppose v + 445 = f*v. Suppose -3*g + v = -49. List the prime factors of g.
2, 23
Let k(m) be the first derivative of -m**4/4 + 5*m**3 - 5*m**2 - 20*m + 32. List the prime factors of k(7).
2, 151
Let c(o) = o**3 + 5*o**2 - 7*o - 11. Let x be c(-6). Let f(h) = h + 10. Let y be f(x). Suppose -45 = -z - 5*k - 3, y*z = -k + 210. List the prime factors of z.
2, 3, 7
Let y be (-9 - -5) + 1868 - 6. Suppose -6*c + 374 = -y. What are the prime factors of c?
2, 3, 31
Suppose -2*u + 4 - 14 = 5*s, 4*u = -20. Suppose -155 = -j + a, -3*j + 469 = -s*j + a. What are the prime factors of j?
2, 3, 13
Let c = 437 - 285. Suppose -2*z - 12 = -5*z. Suppose -4*m + c = -0*i - 2*i, 38 = m + z*i. List the prime factors of m.
2, 19
Let c = 511 + -372. Suppose 4*w - 1537 = -4*y + c, 2*w = -y + 839. What are the prime factors of w?
2, 3, 5, 7
Let b be ((-1)/3)/(-6 - (-3269)/546). List the prime factors of b/(-325) + (-7052)/(-25).
2, 3, 47
Let z(y) = y**2 - 9 - 59 + 0*y - 7*y - 6*y - 68. List the prime factors of z(-15).
2, 71
Let p = 35751 + -22834. What are the prime factors of p?
12917
Suppose -22353 = -289*o + 249*o + 108567. What are the prime factors of o?
3, 1091
Let w = 1146 + -623. Let r = w - -25. What are the prime factors of r?
2, 137
Suppose -2*q - 5*i = -23, 4*q - 5 = 5*q - 3*i. Suppose -q*f = -6*f - 4520. List the prime factors of (-2)/8 - f/16.
3, 47
Let b(x) = 9*x + 6. Let u be b(2). Let c = 837 - u. What are the prime factors of c?
3, 271
Suppose 4*a = 4*i - 4, 4*i - 2*i + 3 = 3*a. Let w be 127/15*i*-5. Let d = -64 - w. What are the prime factors of d?
2, 5, 19
Suppose 0 = -4*g + 82*k - 84*k + 48478, -4*g = -6*k - 48534. What are the prime factors of g?
3, 449
Suppose -4*h - 9 = -6*h + g, -4*h + 12 = 4*g. Suppose 5*j = -0*b - 5*b + 4465, -5*b = h*j - 4469. List the prime factors of b.
3, 13, 23
Suppose -5*x + 12 = -x. Suppose -3*t + 1 = -4*l, l = -x*t - 4*l + 46. Let a(c) = c**3 - 8*c**2 + 15*c - 8. What are the prime factors of a(t)?
2, 3
Suppose 0 = 138*b - 5320091 + 1151111. What are the prime factors of b?
2, 3, 5, 19, 53
Suppose -7*m = 2*m - 36. Suppose -m*z + 3100 = 6*z. What are the prime factors of z?
2, 5, 31
Suppose -60 = 4*g - 10*g. What are the prime factors of (g + -11)*(-413 - 1)?
2, 3, 23
Let h = -86 + 202. Suppose -2*o - 3*j = -227, o + 3*j - h = -j. What are the prime factors of o?
2, 7
Let i = 2843 + 1851. List the prime factors of i.
2, 2347
Suppose 161 + 367 = -6*i. Let g(l) = 7*l**2 + 2*l - 12. Let o be g(-5). Let k = o + i. List the prime factors of k.
5, 13
Suppose w = 2*v + 38 + 474, v = 1. Suppose 5*d + 390 = h, 2*d + 131 - w = -h. What are the prime factors of h?
5, 7, 11
Let c = -243 - -255. What are the prime factors of -4 + -505*c/(-6)?
2, 503
Let k = -23637 + 59024. List the prime factors of k.
11, 3217
Let i = -1 + 1. Suppose 0 = -i*j - 5*j + 445. List the prime factors of j.
89
What are the prime factors of -6*16/24 - 5/((-20)/107004)?
7, 3821
Let x(c) = 60*c**3 - c**2 + 3*c - 2. Suppose 4*z + 5*j = 0, -z + 25 = -0*z - 5*j. Suppose -16*w = -11*w - z. List the prime factors of x(w).
2, 3, 5
Let s = 2900 - 2376. What are the prime factors of s?
2, 131
Suppose 7*z - 6*z + 20*z = 887397. List the prime factors of z.
42257
Let c(k) = 29*k + 4. Let i(w) = -1. Let h(l) = c(l) - i(l). Let t = 1024 + -1020. List the prime factors of h(t).
11
Let y = -210 + 222. Suppose -27*l = -y*l - 5235. What are the prime factors of l?
349
Let k(p) = -8*p**3 - p**2 + 5*p + 5. Let u = -397 - -395. List the prime factors of k(u).
5, 11
Let q(m) be the third derivative of -8*m**4/3 - 33*m**3/2 - 8*m**2 - 3*m. What are the prime factors of q(-8)?
7, 59
Suppose 35*y - 81401 = -1041. Suppose 2*v - 2 = 0, 3*x + 3*v - y = 2*v. What are the prime factors of x?
3, 5, 17
Let t(w) = -420*w**3 + 4*w**2 - 3*w - 1. Let p be t(4). What are the prime factors of (60/(-28))/5 - p/77?
2, 3, 29
Suppose -10 = -9*t + 17. Suppose -t*r = -4*d + 5*d - 71, 4*d - 2*r = 312. What are the prime factors of d?
7, 11
Let y = 171 + -164. Suppose 0 = -y*f - 4*f + 5071. What are the prime factors of f?
461
Let f(h) = -h**3 + 5*h**2 - 4*h + 3. Let u be f(4). Suppose -u*j + 24 - 9 = 0. Suppose 2*b = -3*t + 102, -131 - 90 = -j*b + t. List the prime factors of b.
3, 5
Let a = -101 - -108. Let m(f) = 14*f**2 + 9*f - 4. List the prime factors of m(a).
5, 149
Let c = 81894 + -40772. List the prime factors of c.
2, 29, 709
Suppose -34*c + 1639 = -23*c. Suppose 153*l - c*l = 5528. List the prime factors of l.
2, 691
What are the prime factors of 161/69 - (-19)/9*(6130 - -14)?
12973
Let g(d) = 5*d - 23*d**3 - 3 + 5*d + 30*d**3 - 8*d**2 + 0*d. What are the prime factors of g(4)?
3, 7, 17
Let z = 377 - 290. What are the prime factors of (-6)/4*(-37004)/z?
2, 11, 29
Suppose 17*v + 4524 = -1630. Let r = 884 + v. What are the prime factors of r?
2, 3, 29
Let u be -114 - -114 - (-1 - (-1 - -4)). Suppose 3*g - 3747 = u*p, g - p - 6245 = -4*g. List the prime factors of g.
1249
Let z = 1962 + -556. Let s = z + -586. What are the prime factors of s?
2, 5, 41
Let t = -8799 + 9895. List the prime factors of t.
2, 137
Suppose 23202 = 3*m + 5*p + 4734, 5*m = -p + 30802. List the prime factors of m.
61, 101
Let u = 8 - 16. Let t(q) = -q**3 + 9*q**2 - 11. Let a be t(8). Let w = a - u. What are the prime factors of w?
61
Suppose -h = 1, 0 = -4*w - h - 4*h + 11659. Suppose -18*i = -6*i - w. List the prime factors of i.
3
Suppose -4*j = 3*o - 632, 20*o + 5*j + 1030 = 25*o. Let v = o + 54. List the prime factors of v.
2, 131
Let j(i) = 6572*i**2 - 151*i + 151. What are the prime factors of j(1)?
2, 31, 53
Let y(z) = 179*z**2 + 78*z + 136. What are the prime factors of y(13)?
3, 1163
Let g(p) = 13*p**2 + 50*p + 886. List the prime factors of g(-12).
2, 13, 83
Let y be 9/(-27) - 11185/(-3). Suppose -8*l + 0*l + y = 0. What are the prime factors of l?
2, 233
Suppose 0 = -2*u + 3*u - 443. Let i = 292 - u. Let p = i + 442. What are the prime factors of p?
3, 97
Let g(m) = -3 + 320*m - 1 - 318*m. Let i(w) = w + 2. Let x(p) = 3*g(p) + 24*i(p). List the prime factors of x(6).
2, 3
Let t(w) = w**3 + 12*w**2 - 16*w + 10. Let j be t(-13). Let g = 60 - j. Suppose g*n - 203 = 10*n. List the prime factors of n.
7, 29
Let s(v) = 7*v**2 - 40*v - 30. List the prime factors of s(20).
2, 5, 197
Let b = -24 - -24. Suppose i - 101 - 32 = b. What are the prime factors of i?
7, 19
Let r be ((-2 - 0) + 2)*(-3)/(-6). Suppose r*p - p = -379. Let o = -170 + p. List the prime factors of o.
11, 19
Let f = 86102 + -35253. What are the prime factors of f?
50849
Suppose 3712 = 2*f - r - 475, 0 = 3*r - 9. Suppose 5*x - 5*s - f = 0, -4*s + 1892 - 200 = 4*x. Suppose -x = -7*h + 279. What are the prime factors of h?
2, 5
Let i(j) = -1258*j + 27. What are the prime factors of i(-11)?
5, 47, 59
Let v(i) = i**3 - 28*i**2 + 112*i + 14. Let p(d) = d**2 - 4. Let q(m) = p(m) - v(m). List the prime factors of q(22).
2, 3, 151
Suppose 0 = -28*t + 23*t + 220. Let m = -44 + t. Suppose m = 5*f - 54 - 256. List the prime factors of f.
2, 31
Let k = -366 - -394. List the prime factors of (-29 - -37)*(-2 + k).
2, 13
Let i = -273 + 637. Let b = i - 345. What are the prime factors of b?
19
Suppose 2*o = -2*s + 2296, 6*s = s + 5*o + 5730. Suppose -s + 37 = -3*p. What are the prime factors of p?
2, 5, 37
List the prime factors of ((-18)/45)/(15/(-755100)).
2, 3, 839
Let s = -61155 + 104730. What are the prime factors of s?
3, 5, 7, 83
Suppo